 -2*z + 511 = 101. Suppose w - v = -5*o + z, 0 = 2*w + 10. What is the units digit of o?
4
Let b(n) = -10*n**3 - 4*n**2 + 24*n + 47. What is the units digit of b(-6)?
9
Let h(v) = -13*v - 39. Let a be h(-3). Let i = 259 + a. What is the units digit of i?
9
Suppose 6*d = d + 5*b + 300, 172 = 3*d - b. Suppose 4*a = -0*q - 4*q - d, -22 = a + 3*q. Let z = 171 - a. What is the tens digit of z?
8
Suppose -4*v - 64 = -8*l + 3*l, -4*v + 2*l - 76 = 0. Let m = -5 - v. What is the tens digit of m + 0/(0 - 3)?
1
What is the hundreds digit of (-108)/324 - (-66188)/6?
0
Let l(q) = -q**3 + 11*q**2 - 6*q + 1. Let y = -29 - -30. Let f be -1 + y + 42/12*2. What is the units digit of l(f)?
5
Let p(b) = -4*b**2 - 17*b - 22. Let k(u) = -8*u**2 - 34*u - 45. Let m(x) = -6*k(x) + 11*p(x). What is the hundreds digit of m(-13)?
4
Suppose 7*w - 41*w = -932858. What is the thousands digit of w?
7
Suppose 3*y + 24 = 2*u, -41 = 4*y + 4*u - 9. Let g be y/52 + 524/26. Let t = -6 + g. What is the units digit of t?
4
Let x(j) = 2*j + 32. Let r be x(-20). Let c(p) = 8*p**2 + 10*p + 23. Let d be c(r). Suppose 4*y + y = d. What is the tens digit of y?
9
Let o(y) = -y**3 + 6*y**2 + 6*y - 5. Let w be o(6). Suppose 3*j + w = 1177. What is the tens digit of j?
8
Let a be (-1 + 1)*(-13 + 14). What is the hundreds digit of (-783 - 14)*(a + 2)/(-2)?
7
Suppose 10*r - 5*r - 15 = 0. Let j = -8 - -12. Suppose -4*l - 353 = -0*z - r*z, l - 477 = -j*z. What is the tens digit of z?
1
Let b(s) = s**3 + 32*s**2 - 41*s + 47. Let m be b(-26). Suppose -5*i - 404 = -m. What is the units digit of i?
3
Let i be -133 - (4 + 0 + 0). Let q = i + 346. What is the hundreds digit of q?
2
Suppose -125*v + 3342163 = 7*v - 2076305. What is the thousands digit of v?
1
Let o(i) = 4*i**2 + 3 + 2*i - 1 + 3*i**2. Suppose 25*b - 20*b + 150 = -25*b. What is the hundreds digit of o(b)?
1
Suppose 4*d - 55 = -d. Let k be (-10)/((-304)/(-24) - 13). Let b = d + k. What is the tens digit of b?
4
Let o(s) = -2794*s - 1698. What is the units digit of o(-2)?
0
Let k(f) be the second derivative of 17*f**4/6 - 4*f**3/3 + 13*f**2/2 - f. Let y be ((-5)/(-3))/((-440)/(-528)). What is the tens digit of k(y)?
3
Let w(d) = -3*d - 11. Let m be w(-6). Suppose -m*c - 598 + 66 = 0. Let a = -20 - c. What is the tens digit of a?
5
Suppose -51702 = -3*w - 3*o, -86*w = -83*w - 3*o - 51732. What is the ten thousands digit of w?
1
Suppose a = -0 - 1. Suppose 55 = -p + 6*p. What is the tens digit of (3 + a)*p/2?
1
Suppose 5*t - 292 = 4*u, 2*u - t = -87 - 59. Suppose -2*w + f - 19 = 34, -w + 3*f = 29. Let o = w - u. What is the tens digit of o?
4
Suppose -140 = -4*s + 2*n - 30, 0 = 2*n - 10. Suppose p + 4*p - g = 22, 5*p - 5*g = s. Let f(u) = 2*u**2 + 5*u - 6. What is the tens digit of f(p)?
4
Let i(b) = b**3 - 76*b**2 - 66*b - 934. What is the tens digit of i(78)?
8
Suppose -c = -4, -136 = -4*j - 0*j + 2*c. What is the units digit of 1038 + (-9)/(j/(-8))?
0
Let y be 27*(1 - (-6)/(-9)). Suppose -2617 - 1262 = -y*q. Suppose 0 = -3*f + 109 + q. What is the units digit of f?
0
Suppose -3*c = -v - 2 + 5, 5*c = -4*v + 12. Let l be 20/(15/v) + 3. Suppose -4*z - l*z + 2299 = 0. What is the hundreds digit of z?
2
Let k(t) = 2*t + 18. Let l be k(-11). Let h be (50/l)/5*-2. Suppose u - 17 = -2*x, 0 = h*u + x + 4*x - 110. What is the tens digit of u?
2
Let n = -8652 - -30803. What is the thousands digit of n?
2
Suppose -6*r + 3*r = -117. Let y = -39 + r. Suppose 9*c - 4*c - 730 = y. What is the tens digit of c?
4
What is the units digit of 5 + 1236 - (-1 - -10)?
2
Suppose -21*q = -17*q - 24. Suppose f = -5*u - 18, q*f + 8 = 2*f - 4*u. Suppose 12 = f*a - 38. What is the tens digit of a?
2
Let z(l) = l**2 + 9*l + 22. Let w be z(-11). Let i be (286/4 + -1)/(33/w). Suppose -334 + i = -8*d. What is the tens digit of d?
3
Let s be 3*2 - (1 - 17). Suppose -s*l - 2560 = -27*l. What is the hundreds digit of l?
5
Let y(x) = 2*x**2 + 12*x - 12. Let n be (-40)/6 + (-14)/(-3) + -5. Let q be y(n). Suppose -5*r + q*r = -234. What is the tens digit of r?
7
Let c(s) = -3*s + 8. Let g be c(6). Let d(q) = -15*q - 2. Let w be d(g). Let u = w + -33. What is the hundreds digit of u?
1
Let t(j) = 138*j**2 - 93*j - 2139. What is the ten thousands digit of t(-21)?
6
Let m(x) = 10*x + 1801. What is the units digit of m(37)?
1
Let f(t) = 1374*t - 2999. What is the tens digit of f(21)?
5
Suppose 0*k - 3*k = 4*q - 1820, -4*q - 3076 = -5*k. Suppose k = -6*c - 660. Let t = 327 + c. What is the units digit of t?
5
What is the thousands digit of (-1848)/(-2079) - 45145/(-9)?
5
Let j(a) = -776*a - 1328. What is the units digit of j(-11)?
8
Let v(p) = 5514*p**2 - 10*p - 13. What is the thousands digit of v(-1)?
5
Let b(q) = -1718*q + 1674. What is the units digit of b(-17)?
0
Let s = 1809 - -9. Let v = -1212 + s. What is the tens digit of v?
0
Let q be (-69)/(-46)*(-242)/(-12)*8. Suppose -7*a - q + 1145 = 0. What is the hundreds digit of a?
1
Suppose -4*q - 15 + 31 = 0. Let j be -8*((-1)/(-4) + 2/q). What is the hundreds digit of -1 - ((-1)/(-6) + 793/j)?
1
Let i = 42639 + -29017. What is the units digit of i?
2
Suppose 0 = -2*z + 15*z - 39. Suppose 2*b - 1 = -z. What is the hundreds digit of b + 75/(-2)*(-42)/5?
3
Let f = 128781 - 67486. What is the hundreds digit of f?
2
Suppose -152*t + 167*t - 150 = 0. What is the tens digit of 7/(-35) - (-8432)/t?
4
Let f be (-288)/(-108)*(-18)/4. What is the thousands digit of ((-28)/(-10))/(f/(-4770))?
1
Let o = -1556 + 9327. What is the units digit of o?
1
Suppose -26*a + 383040 = 34*a. What is the units digit of a?
4
Let t(r) = 780*r**3 + 5*r**2 - 4*r - 6. What is the tens digit of t(2)?
4
Suppose -80289 = -3*y - s - 2*s, 6*y = 2*s + 160594. What is the thousands digit of y?
6
Let j = 12294 - 3530. What is the hundreds digit of j?
7
Let l be 4/18 - 32/144. Suppose -4*u = -3*p + 2*p + 6, -4*p = -5*u - 46. Suppose l = -p*m + 12*m + 214. What is the tens digit of m?
0
Let r = -14 + 13. Let z be 1/((-172)/174 + r + 2). Suppose 6*o - z = -3. What is the units digit of o?
4
Suppose -u - 3 = -4. Let w(j) = 5*j**3 - 2*j + 1. Let t be w(u). Suppose t*y - 2*x = 732, 2*x = -y + 260 - 67. What is the hundreds digit of y?
1
Suppose 5*o = 3*c + 7079, 44*c - 7064 = -5*o + 42*c. What is the hundreds digit of o?
4
Let i(x) = -x**3 + 34*x**2 - 189*x - 26. What is the hundreds digit of i(-23)?
4
Let k(t) = -t - 28. Let x be k(-31). Suppose 11 = x*u - 844. Suppose 0 = -5*a + 5*q + 345, -8*q + u = 4*a - 3*q. What is the units digit of a?
0
Suppose 0 = 2*o + 3*g - 5, 5 = -o - 6*g + 2*g. Suppose -3330 = k - o*k. What is the units digit of k?
5
Let d(k) = -382*k**3 - 6*k**2 - 53*k + 83. What is the thousands digit of d(-5)?
7
Suppose 5*k - 5 = 0, s - 114 = 5*s - 2*k. Let j = -21 - s. Suppose j*c - 4*c - 4*d - 226 = 0, -c + 82 = -3*d. What is the units digit of c?
0
Suppose -16 = h + 5*z, -2*z + 4*z = 2*h + 8. What is the tens digit of (-8 - (h + -1)) + 616?
1
Let k(h) = h**2 + h - 12. Suppose -3*q = 8*c - 4*c - 13, -5 = -2*q + c. Suppose 0 = q*s + 25 + 26. What is the hundreds digit of k(s)?
2
Let s be 8 - 28/(8 - 1). Let i(m) = 25*m - 70. What is the tens digit of i(s)?
3
Let y be 2/17 + 4999484/(-476). What is the tens digit of (1 + (-3)/9)*y/(-6)?
6
Let u(a) = -9*a**3 + 10*a**2 + 70*a + 80. What is the units digit of u(-7)?
7
Suppose -94 = 4*t - 106. Suppose -3*c - t*w - 173 + 860 = 0, 1149 = 5*c + w. Let y = c + 36. What is the hundreds digit of y?
2
Suppose -k = -3*b - 5*k - 22, 0 = 3*k + 3. Let f(h) = 17*h - 4 + 2*h**2 + 0*h**2 - 12*h. What is the units digit of f(b)?
8
Let a(s) = 2*s**2 + 7*s + 8. Let r be a(-3). Let c(o) = -14*o + r*o - 5*o - 11*o**2 - 1 - o**3 - 2. What is the tens digit of c(-10)?
3
What is the units digit of 12/(-56) - (-28)/((-1176)/(-1864809))?
0
Let j(r) be the third derivative of -5*r**6/8 + r**5/20 + r**4/8 + r**3/3 - 45*r**2. What is the units digit of j(-2)?
8
Suppose 12*z - 690511 = -242875. What is the tens digit of z?
0
What is the thousands digit of (32 - -23)*5/(150/3636)?
6
Suppose 21*u - 224 = -56. Let k(b) = 16*b**2 - 11*b - 12. What is the units digit of k(u)?
4
Let g = -2216 - -49. What is the tens digit of g/(-3) - (-260)/(-195)?
2
Suppose h - 3*m - 8384 = 0, -10*h = -5*h + m - 41968. What is the hundreds digit of h?
3
Sup